8 = -5*n + 4*z, z + 277 = -5*n + 39. Let g = -25 - n. Suppose -p - 32 = -5*p. Calculate the remainder when g is divided by p.
7
Calculate the remainder when 24 is divided by (-9 - -5) + -3 + 13.
0
Suppose -2*v + v = 3, 3*n = 2*v + 33. Calculate the remainder when -3*(-2)/(-3)*-4 is divided by ((-6)/n)/(2/(-9)).
2
Let l be 2/1 + (3 - 4). What is the remainder when 47 is divided by ((-18)/45)/(l/(-30))?
11
Let n(w) = -2*w + 1. Calculate the remainder when 49 is divided by n(-6).
10
Suppose -13*s + 10*s + 9 = 0. Calculate the remainder when 7 is divided by s.
1
Let i = 11 + -25. Let h be 4/(-14) + 192/i. Calculate the remainder when 26 is divided by (-192)/h + (-4)/(-14).
12
Let u be (-4)/(-20) + (-4)/(-5). Suppose 39 - u = 2*o. Let j = 0 - -7. What is the remainder when o is divided by j?
5
Let b be (-4)/16 + 51/12. Calculate the remainder when 19 is divided by (2/(-3))/(b/(-66)).
8
Suppose 0 = 20*z - 23*z + 246. What is the remainder when z is divided by 12?
10
Suppose 0 = -3*y + 2 + 4. Suppose -5 = -t + h, 0*t - 4*t + 6 = 3*h. Calculate the remainder when t is divided by y.
1
Let i(o) = -3*o - 8. What is the remainder when 11 is divided by i(-5)?
4
Suppose 7*j - 9*j - 58 = 0. Let c = j - -41. What is the remainder when 22 is divided by c?
10
Suppose 5*b + 17 = -2*q - 4, -5*b - 33 = -4*q. Let u = -12 + q. What is the remainder when 23 is divided by (4/(-5))/(1/u)?
7
Let t = 53 + -48. Calculate the remainder when 15 is divided by t.
0
Suppose 4*t - 3*s = 111, 3*t + 11 - 73 = -2*s. What is the remainder when 25 is divided by (26/(-8))/((-6)/t)?
12
Suppose 0 = -3*m - 0*m - 18. Let k = 4 - m. Let a = -10 - -38. What is the remainder when a is divided by k?
8
Let o = 90 + -28. What is the remainder when o is divided by 13?
10
Let p = -1 + 4. Let d = 3 - p. Suppose 2*o = -d*o + 12. Calculate the remainder when 17 is divided by o.
5
Let j = -73 + 104. What is the remainder when 369 is divided by j?
28
Suppose 0 = -4*n + 18 + 6. Calculate the remainder when 14 is divided by n.
2
Suppose 3*q - 4*q + 12 = 0. Let v(l) = 2*l**2 - 2*l + 7. Let y be 84/18 - (-1)/3. Calculate the remainder when v(y) is divided by q.
11
Let d(u) = 2*u**2 + 7*u + 14. Calculate the remainder when d(5) is divided by 34.
31
Let m(f) = 2*f**3 + 1. Let i be m(1). Suppose -i*l + 15 = -2*l. Let c = 99 - 91. Calculate the remainder when l is divided by c.
7
Let y be ((-27)/6)/((-2)/8). Let x = 28 - y. Suppose -2*g = 4*q - 18, -3*g - 4*q = -x - 17. Calculate the remainder when 25 is divided by g.
7
Let o(p) = -2*p + 1. What is the remainder when 4/(-10) - (-254)/10 is divided by o(-3)?
4
Let n be (-2)/6*(-1 - -1). Suppose b + 3*b - 400 = n. Suppose -3*l = l - b. What is the remainder when l is divided by 13?
12
Suppose 3*q = -4*m + 144, -2*q - 6*m = -7*m - 96. Calculate the remainder when 92 is divided by q.
44
Suppose 4*z - 23 + 7 = 0. Let u be 2/(-4) - (-6)/(-4). Calculate the remainder when 5 is divided by 13/z - u/(-8).
2
Let x = -28 + 17. Let j = 8 + x. Let v = 28 + j. Calculate the remainder when v is divided by 7.
4
Suppose 5*s + 25 - 75 = 0. Let g(y) = -y - 57. Let b be g(0). Let o = 96 + b. What is the remainder when o is divided by s?
9
Let i(n) = -n**3 - 4*n**2 - 3*n. Let f be i(-3). Suppose f = 2*l - l - 29. Calculate the remainder when 113 is divided by l.
26
Suppose 44 = 3*q + 5. Calculate the remainder when 2/(-4)*(1 + -75) is divided by q.
11
Suppose 2*k - 86 = -5*o, 42 = k + 3*o - o. Calculate the remainder when k is divided by 13.
12
Let p(d) = d**2 + 38. Suppose 2*n = 3*l - 38, -3*l - 4*n + 5*n + 34 = 0. What is the remainder when p(0) is divided by l?
8
Suppose -10 = -5*p, 4*p - 4 - 10 = -3*t. Let w(l) = -l**2 + 3*l + 2. Let h be w(t). Suppose -h = -4*u - 0*u. What is the remainder when u is divided by 1?
0
Let v(x) = 3*x**2 + 15*x + 2. Calculate the remainder when v(-10) is divided by 14.
12
Let s(a) = -a**3 + a - 3. Suppose 8 = -p + 4*k, -2*p + k = -0*k + 2. Let v be s(p). Calculate the remainder when 14 is divided by v/6 + 22/4.
4
Suppose 14 = 2*o - 12. What is the remainder when 47 is divided by o?
8
What is the remainder when 2/7 + (-299)/(-7) is divided by 17?
9
Suppose -9*g + 9 = -18. Calculate the remainder when 9 is divided by g.
0
Let t(u) = u**3 + 6*u**2 + 5*u + 3. Let y(o) = -o**2 - 2*o + 3. Let p be y(2). Calculate the remainder when t(p) is divided by 3.
0
Suppose 0 = 4*j - 3*v - 389, -4 = -3*v + 11. What is the remainder when j is divided by 26?
23
Suppose 0*w = -w + 12. Let c(k) = 20*k + 1. Let g(j) = j + 1. Let r be g(0). Calculate the remainder when c(r) is divided by w.
9
Suppose -50 = -a + 16. Calculate the remainder when a is divided by 17.
15
Let f(p) = p**2 + 4*p - 2. What is the remainder when f(-9) is divided by 14?
1
Suppose -q = 2*x - 174, q - 5*x + 3*x - 190 = 0. Calculate the remainder when q is divided by 46.
44
Suppose -5*q + 60 = 4*z, 2*q = 3*z + q - 26. What is the remainder when z is divided by 5?
0
Let q = 111 + -21. What is the remainder when q is divided by 23?
21
Let f = -22 - -41. Calculate the remainder when 75 is divided by f.
18
Let l be (-2)/(-5) + (-618)/(-30). Suppose a - l = -4*u, u = -u + 6. What is the remainder when 16 is divided by a?
7
Let w(v) = -v**3 + 7*v**2 - v + 4. Let h be 1 - 3 - (-27)/3. Let l be w(h). Calculate the remainder when (138/l)/(1/(-1)) is divided by 16.
14
Let r be 3/4*(-4 - 0). Let i be (11/(-2))/(5/10). What is the remainder when 17 is divided by 0/r - 2 - i?
8
Suppose -h + 62 = y, h - 6*h = 4*y - 308. Calculate the remainder when h/3*(-1)/(-2) is divided by (6/(-5))/(6/(-20)).
2
Let u = -29 - -61. What is the remainder when 62 is divided by u?
30
Suppose 0 = -4*h + 2*h. Let u be -8 - 2*(-1 + h). What is the remainder when 27 is divided by (14/(-6))/(1/u)?
13
Let w be (4/(-4))/(2/4). Let c = 3 + w. What is the remainder when (-2 + 3 + 26)*c is divided by 14?
13
Let n = 88 + -32. Let f(d) = d**3 + d**2 - 32. Let x be f(0). Let o = n + x. Calculate the remainder when o is divided by 9.
6
Let x(j) = -j**3 + 11*j**2 + j + 27. Calculate the remainder when x(11) is divided by 10.
8
Suppose 10*l - 14*l + 52 = 0. Calculate the remainder when 103 is divided by l.
12
Suppose -3*g = -2*g - 5. Let b be 2/g + 144/15. Suppose -v + b = -12. Calculate the remainder when v is divided by 8.
6
Let i = 0 + 1. Suppose w - 3 = -i. Suppose -4 = -3*j + w. What is the remainder when 5 is divided by j?
1
Suppose 4*k + 100 = 4*c - 0*k, 0 = 5*c - 3*k - 125. Suppose -13 = -4*s - 3*z, s = -2*z + 3*z + 12. What is the remainder when c is divided by s?
4
Calculate the remainder when 55 is divided by (116/8)/(-1*2/(-4)).
26
Suppose -6 = -3*l - 3*i, 5*l - 2*i = l + 26. Let t be -1*4/(12/(-9)). Suppose -l*s + t = -2. What is the remainder when s is divided by 1?
0
Suppose -2*r + 13 = 2*v - r, -5*v + 16 = -3*r. Suppose -2*w + t = -w - 3, 0 = 4*w + 4*t - 12. Calculate the remainder when v is divided by w.
2
Let u = 0 + -1. Let d(j) = -3*j**3 - j - 1. Let y be d(u). Calculate the remainder when 26 is divided by 15*2/(10/y).
8
Let b = 9 - 5. Let x = b - 3. Let d(l) = 6*l + 1. What is the remainder when d(x) is divided by 4?
3
Suppose 0 = -8*l - 56 + 136. What is the remainder when l is divided by 2?
0
Let a(x) = -14*x + 1 + 5*x - 3*x + x**2. Let s be a(6). Let p = s + 49. Calculate the remainder when 27 is divided by p.
13
Let k(l) = l**3 - 8*l**2 + 3*l + 2. Suppose 0 = -5*y - 4*r + 32, -4*r + 5*r = 2*y - 18. What is the remainder when k(y) is divided by 14?
12
Let s(w) = -3*w + 24. Calculate the remainder when s(-16) is divided by 25.
22
Suppose n = 4 + 3. Let j = 14 - n. What is the remainder when 150/14 - (-2)/j is divided by 4?
3
Let s be 1/(-3) - 434/21. Calculate the remainder when 10/(-3)*18/(-15) is divided by (-57)/(-21) - 6/s.
1
What is the remainder when ((-357)/(-102))/(1 - 10/12) is divided by 4?
1
Suppose 3*y - 37 = -1. Let z = y + 17. Calculate the remainder when z is divided by 15.
14
Suppose -w + 16 - 5 = 0. Calculate the remainder when 32 is divided by w.
10
Let a = 41 - 32. Calculate the remainder when 20 is divided by a.
2
Suppose -4*h = -h - l - 9, 3*h - 4*l - 18 = 0. What is the remainder when 8 is divided by h?
0
Let g be 74/4 + (-1)/2. Let s = 6 + g. Calculate the remainder when s is divided by (116/(-145